0. What is the thousands digit of v?
0
Let a = 242 + -241. What is the tens digit of a*448 + -5*5/(-25)?
4
Let w(i) = 16*i**2 + 42*i + 299. What is the hundreds digit of w(-39)?
9
Let k be (1/9 - (-2338)/(-63))*-397. Suppose -13*q = -1 - k. What is the tens digit of q?
3
Let b = -16 - -29. Let t(n) = -3*n + 44. Let w be t(b). Suppose -2*a = -5*o + 675, -o = 3*a - w - 130. What is the tens digit of o?
3
Let o(i) = -399*i + 3058. What is the units digit of o(-29)?
9
Let n(m) = 17*m**2 - 10*m + 41. Let x be n(7). Suppose 7*a + 76 - x = 0. What is the hundreds digit of a?
1
Let w(r) = 66*r - 4 - 181*r - 19*r**3 + 4*r**3 + 55*r + r**2 + 56*r. Suppose p = -5, 3*y = p - 0 - 1. What is the tens digit of w(y)?
2
Suppose 3*t - 34 = -1. Suppose -10*n + t*n - 15 = 0. Suppose n = 4*s - 165. What is the tens digit of s?
4
Let u(m) = -4 + 2*m**2 + 6 + m**3 + 3*m - 5 - 9. What is the units digit of u(5)?
8
Let z(y) = -4*y + 6. Let t be z(1). Let f(o) = 13*o**3 + 2*o**2 + o - 3. Let p(c) = -c + 1. Let m(b) = t*f(b) - 2*p(b). What is the hundreds digit of m(2)?
2
Let g = -6306 - -12352. What is the thousands digit of g?
6
Suppose 2*x = 3*z - 6 - 89, -5*z + 189 = -4*x. What is the tens digit of ((-108)/(-24))/((-1)/x)?
0
Let s be (-9)/144*8*2*-2. Suppose 8*a = s*a + 7236. What is the hundreds digit of a?
2
Let g(i) = -i + 0*i - 22 + 3*i**2 + 3*i. Suppose h = 5*x - 6, -3*h = -x + 7 + 11. What is the tens digit of g(h)?
7
Suppose 4*g + 0*k - 51 = k, 3*g - 67 = -5*k. Suppose 3*p - 2 = -5*a, p + 11*a - g = 6*a. What is the tens digit of (1/(2/p))/(2/(-162))?
4
Let o = 49183 + -23501. What is the ten thousands digit of o?
2
Suppose 4*m + 20 = -v, 4*v - 7*v = 3*m + 15. Suppose -16*i = -v*i - 7264. What is the tens digit of i?
5
Suppose 4*x = 0, x - 6 = -2*o - 0*x. Suppose 2*m + 5*l + 700 = -o*m, -m - 4*l - 149 = 0. Let g = 223 + m. What is the tens digit of g?
8
Let l be ((-22266)/(-36))/(1 + (-12)/8). Let k = -220 - l. What is the tens digit of k?
1
Let a = -86 - 163. Let n = -55 - a. What is the tens digit of n?
9
Suppose -45 = -5*k - 6*a + a, 5*k = -2*a + 30. Suppose m = -k*m. What is the tens digit of 1 + m + 38 - 2?
3
Let l(u) be the first derivative of -31*u - 6 - 1/3*u**3 + 33/2*u**2. What is the units digit of l(24)?
5
What is the tens digit of (102/17)/(33/32197)?
5
Suppose 152 = u + j, -146 = -u - 14*j + 10*j. Let z = u - 61. What is the units digit of z?
3
Suppose 2 = 2*x - 10, -5*k - 3*x = -5748. What is the thousands digit of k?
1
Suppose -52*k + 51*k = -2*p + 48360, p - 24180 = 3*k. What is the tens digit of p?
8
Suppose -9*j + 155 = -4*j. Let r be 2/38 + (-4356)/(-627). Suppose j - 906 = -r*v. What is the units digit of v?
5
Suppose 0*r - 4*r = -32. Let k(g) = g**2 - 30 - r*g + 18 + 13. What is the units digit of k(8)?
1
Let v = -43430 + 64254. What is the units digit of v?
4
Suppose -70*x - 870 = -65*x. Let q = -171 - x. What is the units digit of q?
3
Let q be -1 + 2*1497/6. Suppose -5*j + q = -1592. What is the tens digit of j?
1
Suppose 3*w - 32973 = -4*a + 46714, 0 = 2*w - 3*a - 53136. What is the units digit of w?
5
Suppose -5*k + 149 - 635 = -l, 1448 = 3*l - 5*k. Suppose 3*m + 2*b = 2791, -3*m + 2322 + l = -b. What is the units digit of m?
3
Suppose -13 = 5*m - c - 166, 5*m - 147 = -c. Let n = -36 + m. What is the tens digit of 174*(8/(-12))/(8/n)?
8
Suppose 10*y - 8143 - 6059 = y. What is the thousands digit of y?
1
Let w be ((-441)/(-2) + 0)/(17/(-34)). Let f = w - -678. What is the tens digit of f?
3
Let f = -146 - -2891. Suppose -45*m - f = -54*m. What is the hundreds digit of m?
3
Suppose 0 = -61*g + 6230 + 128702. What is the thousands digit of g?
2
Let z = -702 + 686. Let l = 6 + 15. Let a = z + l. What is the units digit of a?
5
Let u(z) = 36*z**2 - 88*z + 1211. What is the units digit of u(15)?
1
Suppose 0 = 9*o + 195 + 75. Let j be 57/5 - 18/o - -2. What is the tens digit of (-2*2/(-6))/(j/1932)?
9
Suppose -27*s + 23*s = -4*j - 148164, -3*s - 3*j = -111159. What is the tens digit of s?
4
Suppose -8*v - 11 + 43 = 0. Suppose -9 = -v*n + 3*n. Suppose -15 = -3*i + n. What is the units digit of i?
8
Suppose 0 = 2*h + 2*r - 26222, -r + 24086 + 41469 = 5*h. What is the ten thousands digit of h?
1
Suppose 641 - 1909 = -3*m + l, -852 = -2*m + 4*l. Suppose -4*p + 2*x = -3914, -534 - m = -p - 4*x. What is the tens digit of p?
7
Let q(c) = 6*c**3 - 3*c**2 - 29*c**2 + 47 + 21*c - 8*c**3 + 3*c**3 + 2*c. What is the units digit of q(32)?
3
Let n = -1941 + 13768. What is the ten thousands digit of n?
1
Suppose -46*u = -43*u - 3*p - 15636, -2*p = -4*u + 20836. What is the units digit of u?
6
Let u(m) = -9*m - 1. Let v be u(1). Let o = -5640 + 5651. Let w = o - v. What is the units digit of w?
1
Suppose -6*m - 26118 = -10*m + 5*g, 2*g = -3*m + 19600. What is the tens digit of m?
3
Let v(m) = m**3 + 93*m**2 + 444*m - 184. What is the ten thousands digit of v(-82)?
3
Suppose o - y = -3*o - 16, o + 3*y = -4. Let c be (-3)/(o/8*(3 + 0)). Suppose -2*m = 3*k - 357, -c*m - 5*k + 534 = m. What is the units digit of m?
3
Let n be (-21)/(-49) - (-657)/(-63). What is the units digit of 18948/20 + 4/n?
7
Suppose 4*j = -3*l + 338, 4*j - 336 = -0*l - 4*l. Suppose 401 - 29 = -12*x. Let u = j + x. What is the tens digit of u?
5
Let s be (-17661)/(-39) + ((-6)/(-39) - 0). Let a = s + -174. What is the tens digit of a?
7
Suppose -161*r + 1631630 = 125*r. What is the thousands digit of r?
5
Let q(i) = 186*i**2 + 562*i + 64. What is the ten thousands digit of q(-16)?
3
Let k = -206 + 140. Let y = 52 + k. Let v = y - -71. What is the tens digit of v?
5
Let a = -9766 - -32505. What is the hundreds digit of a?
7
Suppose -5*p - 268 + 14908 = 0. Suppose -p = -216*c + 212*c. What is the tens digit of c?
3
Suppose a + 4*z + 146 = 0, -2*a + 2*z + 89 = 431. Let v = a - -294. Let h = v + -41. What is the units digit of h?
7
Let y = 1001 + 6065. What is the hundreds digit of y?
0
Let m(i) = -5*i**2 + 3*i - 19. Let y(f) = -15*f**2 + 8*f - 56. Let b(q) = 8*m(q) - 3*y(q). Let u be b(6). Let s = u + -58. What is the hundreds digit of s?
1
What is the hundreds digit of (-183042)/(-8) - (12/114 + (-65)/76)?
8
Let k = 115396 + -65822. What is the thousands digit of k?
9
Suppose -f + 70 = -0*f - 5*n, 2*n + 4 = 0. Let j(r) = -68*r + 547. Let o be j(8). Let c = f - o. What is the tens digit of c?
5
Suppose -c - 3743 + 35704 = 0. What is the ten thousands digit of c?
3
Let g(t) = -t - 1. Let z be g(-2). Let w be z - 111/2*2. What is the tens digit of 2*w/12*(-5 + 2)?
5
Suppose 0 = 3*h + 15, 7*c = -221*h + 222*h + 33150. What is the thousands digit of c?
4
What is the units digit of (-2)/22 - ((-38)/(-66))/((-305)/15748065)?
8
Suppose 3*j + a - 37 = 0, 6*j - j - 63 = -3*a. Suppose 7*o - j*o + 545 = 0. Suppose -38 - o = -g. What is the hundreds digit of g?
1
Let i = -10448 + 44503. What is the units digit of i?
5
Let u = 14517 + 9100. What is the thousands digit of u?
3
Let s = -23 + 66. Let q = s + -38. What is the tens digit of q/25 - (-738)/10?
7
Suppose -2*o + 25 = -5*w, 4*w + 4 + 8 = 0. Suppose -4*p + 0 = -4*c - 4, -c = o*p - 11. Suppose -m = i - 2*m - 112, 10 = -p*m. What is the units digit of i?
7
Suppose -78*o + 74*o = -24, 3*a - o - 72183 = 0. What is the tens digit of a?
6
Let z(n) = 12*n**2 - 143*n + 15. Let w be z(17). Let q = w + -191. What is the tens digit of q?
6
Let d = 16 - 11. Let p(k) = 197*k + 2. Let a be p(d). Suppose f = 8*f - a. What is the units digit of f?
1
What is the hundreds digit of ((-2609 - 1)*-3)/1?
8
Suppose -1689380 = -209*r + 69*r. What is the thousands digit of r?
2
Let b(c) = 24*c + 42. Let r be b(14). Suppose 0 = -s + 8*s + r. What is the tens digit of 12/s - (1 + (-956)/9)?
0
Suppose -11762 = -2*z - 2*b, 2*b = -3*z + 14383 + 3257. What is the hundreds digit of z?
8
Let s(r) = -8*r - 38. Let o be s(-5). Suppose 0 = 4*j - o*t - 834, 2*j + j + t = 633. What is the tens digit of j?
1
Suppose 3*w - 8 = -2*n, -n = 2*n - 2*w - 25. Let d = n - -17. Suppose -j + 3*l + d = -24, 0 = 2*j + 4*l - 106. What is the tens digit of j?
5
What is the thousands digit of ((-125139)/(-17) - -19) + 4/(-34)?
7
Suppose 4*c = -2*a + 81366, 1527*c - 40701 = 1525*c + 5*a. What is the units digit of c?
3
What is the ten thousands digit of (-22995118)/(-850) - 16/200?
2
Let n(m) = 1